 -2?
63
500 + -506 + (5 - (15 + -12 + (-2 - 89)))
87
What is 6921 - 6948 - (-2 - 36)?
11
What is the value of (65 - 28) + (-76 - -63)?
24
Calculate -42 - ((-45 - 52) + 38).
17
What is 9 + (4 - 13 - (-6 + (-11 - 1) + 82))?
-64
What is 14 - (0 + (11 - -14 - 8) - 3)?
0
What is 84 + -71 + -139 - -54?
-72
Evaluate 59 - -9 - (-108 - -61).
115
Evaluate 30 + -73 + 0 + 32.
-11
-1 + (-1 - 27) + (-33 - -36 - 26) + 13
-39
What is -96 - (106 + -102 - 40)?
-60
Calculate -6 + 3 + (-6 - ((4 - -10) + -34 + 3)).
8
What is the value of 22 + (52 - (65 - -22))?
-13
Evaluate 51 + -176 + (0 - -70).
-55
What is -2 + 0 + (58 - -7) - (30 + 26 + -70)?
77
What is the value of 31 + (126 - 115 - (24 - (2 - 2)))?
18
Calculate (59 - (-1 + -18 - -12)) + (-2 - 3 - 0).
61
What is the value of 379 - 358 - (10 + -2)?
13
(3 - (-39 + 21)) + (-1 + -1 - 0)
19
Calculate 1442 + -1483 - (-137 - -1) - 12.
83
Calculate (-61 - -156) + -21 + 12.
86
What is 20 + (77 - 73) + (-4 + -36 - -6)?
-10
-73 - (-37 - -7) - -41
-2
What is the value of (0 - -5) + (-144 - (141 - 350))?
70
What is (244 - 223) + -1 + -19 + 16?
17
Calculate 16 + 3 - (395 + -348).
-28
(-625 - -662 - (64 - -3)) + -41
-71
What is 3 - (-7 + (14 - 1)) - -80 - 7?
70
Evaluate 47 - (99 + -13 + -71).
32
72 + (154 + -61 - 69)
96
Calculate (-11 - (4 + -9)) + 6 - (-3 + (-2 - -4)).
1
Calculate 4 - (19 - (12 + -9 + 11 + -5 + 1)).
-5
Calculate 4 + -15 - (-74 - -79).
-16
7 + 33 + -95 + 50
-5
Calculate -8 - -7 - (-2 - -2) - (-56 - -66).
-11
20 + (-11 + -54 - -33)
-12
Calculate (-8 - -134) + -113 - (82 + 0).
-69
What is the value of 14 + (-10 - 10) + 99 - -9?
102
What is (44 - (-43 - -72)) + 44?
59
Evaluate -51 + (46 - 50 - (-5 - -4)) - 8.
-62
Calculate -4 + -1 + -5 - (29 + 33 + -49).
-23
0 + 13 + 108 + -140 + 11
-8
What is the value of (-1 + -142 - -37) + -4 + -2 + -3?
-115
What is the value of (29 - (19 + -17)) + -31 + (1 - 10)?
-13
Calculate (-149 - -51) + (15 - 1 - 2) + 6.
-80
Evaluate -12 + -9 + 18 + -4 + -1 + 34 + -100.
-74
What is the value of (19 + 98 - (1 + 19)) + (4 - 20)?
81
What is 0 + 49 + (-17 - -19) + -10 + (6 - -13)?
60
What is -6 + 4 + -1 + 72 + (-33 + 169 - 147)?
58
What is the value of 47 - -21 - -4 - 149?
-77
(-37 - (5 - -6)) + 19 + -12 + (-8 - 1)
-50
What is 18 + -6 + (37 - 18 - 37)?
-6
What is the value of 0 + (1 + 26 - (32 - (-7 - -28)))?
16
What is the value of 0 + (-9 + 0 - (4 + -10 + -14)) + -83?
-72
What is (0 + 1 + -2 - (-2 - 25)) + (-498423 - -498424)?
27
What is the value of -32 + 46 + -24 + 42 + 51?
83
-3 + (26 - (-4 + 28))
-1
What is the value of -10 - (30 + -2 + (1 - 14))?
-25
What is the value of (7 - (2 + 2 + -5 + 0)) + -6 - 45?
-43
What is the value of -28 + 56 + ((12 - 1) + -4 - 0) + 0?
35
What is -46 + -24 + 112 + -34?
8
What is the value of -11 - ((23 - 13) + -6 + -83 + -1) - -7?
76
What is the value of -8 + 64 + (-11 - -4 - -3)?
52
What is the value of (-24 - (14 + -9)) + 46 + -8 + 1?
10
-64 + (-11 - (3 - -2)) + (-53 - -73)
-60
Calculate (-19 - ((-9 - 10) + 9)) + -74 + 12.
-71
Calculate 73 - (1 - (-19 + (-2 - (5 + -4)) + 10)).
60
3 + (19 + -29 - ((-1 - (6 - 11)) + 0))
-11
Calculate -83 + 158 + -80 + -47.
-52
-71 + (-10 - (-11 + 2)) - (328 + -310)
-90
What is 0 + (-29 + 20 + -12 + 11 - (-1 + 16))?
-25
What is (-1248 - -1219 - (1 - 41)) + (-124 - (2 - 0))?
-115
Evaluate (17986 - 17891) + 1 + 7.
103
What is the value of 12 + -24 - (14 - 22 - (62 - 0))?
58
What is the value of (-1 - -31) + (25 - (-7 - -56) - -25)?
31
Calculate -50 - (6 + 3 - 98).
39
What is 0 - -4 - ((-12 - -7) + (-31 - -47))?
-7
29 + -33 - (2 + 1 + -5 + (25 - 31))
4
(5 - -1) + (79 - (25 - -48))
12
-3 - (-14 + -4 + 5 + (8 - 17))
19
What is the value of ((11 - 14) + 19 - 21 - -103) + (-11 - -2)?
89
49 + (-5 - -4 - -4 - -6) - (-10 - 1)
69
What is -51 - (9 - -1 - ((28 - 19 - 28) + 35))?
-45
What is 52 + -89 - (-3 + (-4 - 4 - 0))?
-26
Calculate -9 - (-34 + 27 - 9) - 82.
-75
What is the value of -13 + 24 + -6 + -6 + 15?
14
15 + (24 - -39) + -77 - (-1 + (-86 - -1))
87
What is -9 + 13 - 17 - (-7 - -4 - -5)?
-15
What is 51 + -68 - (-95 - (-16 - 0))?
62
What is (-55 - 32) + 33 - 6?
-60
Evaluate (196 - 224) + -13 + 15 + -73.
-99
What is the value of (-17 + (23 - 17) - -10) + -13?
-14
Evaluate -103 - (-71 - 129) - 145.
-48
What is the value of -1 - -12 - (100 - 44 - 44)?
-1
What is -18 - ((74 - 43 - 36) + (-13 - 0) + 10)?
-10
Evaluate -5 + 0 - (57 + (-87 - -122)).
-97
3 - -63 - (1262 + -1243)
47
Evaluate -44 - (56 + (-49 - 45)).
-6
-57 + 76 + (-16 - (-2 + 9))
-4
What is the value of (-31 - (-162 + 118)) + -83?
-70
6 - (10 + (-15 - 7) + -24 + 30)
12
Evaluate -23 + (58 + -56 - (0 + -52)).
31
What is -1 + 73 + (-37 - -28) + -2 + -5?
56
-202 + 1 - -206 - (-1 - 55)
61
What is the value of 4 + 10 + -13 - (30 - 4)?
-25
What is the value of 83 - (-45 + 113) - 12?
3
Evaluate -10 - (-4 - (-8 - -4) - 2 - (-51 + 54)).
-5
What is (-18 - (15 - -3)) + -6 - -1?
-41
Calculate 36 + 57 + 23 + -45 - 21.
50
-11 + (-8 - -1) + -15 + 9
-24
Evaluate 26 + 6 + -6 + -2 + 8.
32
-8 + 7 + 36 + -25 + (-78 - 14)
-82
Calculate (-1 - 58) + (55 - (64 - 44) - 32).
-56
Evaluate 43 - (-29 - 6 - -20) - 7.
51
What is -8 - (0 + -76 + 1 - (-135 + 125 + 0))?
57
Calculate (-1 - -15 - 1) + 0 - (33017 + -33009).
5
Evaluate -30 + 4 + -122 + 180.
32
Calculate -6 + 25 - (37 + -8).
-10
-81 - -2 - (-1018 - -969)
-30
Evaluate 0 + 61 + 3 - ((26 - 32) + -2).
72
103 + (-55 - -3) - (21 + 2 + 0)
28
142 + (65 - 78) - 86
43
-8 + (-4 - 0) + (198 - 89) + (-3 - 7)
87
What is the value of (-7 - (-80 - 35) - 35) + 9?
82
22 - (8 + 64 + 14)
-64
(20 - 12 - 50 - -5) + 20
-17
What is the value of (-11 - 2 - (-22 + -6 + 24)) + -2 + 25?
14
(-47 - (-112 - -61)) + 42
46
Calculate -211 - -145 - -160 - (-1 + 6).
89
What is the value of 2 + (-45 - ((13 - 15) + (1 - -6)))?
-48
Calculate -1 + (46 - 0) + (29 - 37) + 3 + -10.
30
Evaluate 9 + (53 - 75) + 79.
66
7 - (85 - 147 - -59)
10
141 - (98 + 349 + -152)
-154
Evaluate 6 - (0 - 1 - 0) - (-115 + 851 + -757).
28
Calculate 6 + 14 + -10 + -18 + (-5 - (-29 + -10)).
26
54 + -30 + -55 + 34
3
What is the value of 12 + (-21 - (8 - 16)) + -11 - -29?
17
What is the value of 13 + (-20 - (-28 + 14) - -6 - -11)?
24
Evaluate 7 + -20 - -3 - (4 - 4).
-10
What is the value of -33 - (182 + -154 - (8 - -37))?
-16
What is the value of (-37 - -30 - -40) + -2 + -4 + 4 + 3?
34
What is -54 + (-9 - (8 - 5 - (11 + -3) - 8))?
-50
Calculate 476 - 481 - (-65 - (1 - 1) - (-33 - -30)).
57
Calculate -240 + 126 + 43 + -64.
-135
Evaluate (-9 - (37 - 20)) + 21 - -8.
3
Calculate -29 + 0 + -111 + (177 - 78).
-41
What is (-9 - 1) + (-8 + -1 + 25 - (-14 - -23))?
-3
Evaluate -133 - (-83 + -151 + 147).
-46
Calculate (17 - -8) + (0 - 3) + 15.
37
What is the value of (-13 - -2 - -2) + 47 + -104?
-66
Evaluate 138 - (-63 - -94 - -13).
94
What is (-5 - 33) + (-18 - ((-8 - -7 - 3) + -10))?
-42
Calculate -11 + 0 + (11 - 2) + 1 + 101 + -101.
-1
What is (279 - 540) + 165 + (-4 - (-1 - -2 - 2))?
-99
Calculate (-6089 - -6087) + (1 - (3 + 0)) + 2 + 90.
88
13 - (11 + 0 - ((-17 - -9) + 60))
54
What is 39 - ((17 - (17 + -17)) + -23)?
45
Calculate -1 + (-17 - -22) - (-6 + -12).
22
-2 + 5 + -15 + 21 - -15
24
Calculate (-23 - (0 - 1)) + (16 - 11 - (-148 - -157)).
-26
What is the value of -18 - (4 - (41 + 24) - -19)?
24
Evaluate -3 + (-6 - 28) + (-448 - -609).
124
What is -62 - (19 + -12 - 37) - -85?
53
Calculate 13 + 40 + 30 - 82.
1
Calculate -5 - (-56 - (-60 + 6)).
-3
Calculate (3 + 5 + 1 + 7 - 5) + 64.
75
What is 16 - 34 - -16 - ((-6 - -34) + -2)?
-28
What is the value of 4 - (-3 + (-25 - -46) - 30)?
16
What is the value of (-2 - 84) + 2368 + -2207?
75
What is the value of (-85 - -75) + (-22 - 3) + 2?
-33
Evaluate -202 + 216 + (2 - (4 + 4 + -3)) + 3.
14
(-24 - 19) + (64 - 32)
-11
Calculate (-62 - -75) + ((-1 - (-3 - -5)) + -54 - -5).
-39
Evaluate 117 - (110 - 14) - (-23 - 0).
44
-13 + -28 + (24 - -6 - 30)
-41
Calculate -5 - ((-7 - -6) + -1 + 4 - 13).
6
What is 27 + (0 - 32 - (-114 + 97))?
12
Calculate 1 + 0 + 77 - (-25 - (12 + -16 - 25)).
74
What is -133 + -15 + -44 + 18 + 72?
-102
What is the value of (-72 + 61 - (5 + -23)) + -21?
-14
Calculate 148 + -250 + -30 + (22 - 13).
-123
What is the value of 26 + -59 + 2 + 73 + (-7 - 0 - -1)?
36
Evaluate -2 - 1 - (32 + -352 + 345 + (0 - 7)).
-21
Evaluate 1 - (-78 + 101 + -12 + 2 + -3).
-